, 7, 4687679
What are the prime factors of 3335209402?
2, 7, 34032749
List the prime factors of 6050938136.
2, 20333, 37199
What are the prime factors of 46518865?
5, 9303773
List the prime factors of 489869210.
2, 5, 19, 2578259
What are the prime factors of 36894028?
2, 107, 86201
What are the prime factors of 6745155775?
5, 3167, 85193
List the prime factors of 2719507954.
2, 1359753977
List the prime factors of 417291836.
2, 13, 8024843
What are the prime factors of 854405164?
2, 4801, 44491
What are the prime factors of 44386488?
2, 3, 205493
What are the prime factors of 48059089?
13, 3696853
List the prime factors of 2270828.
2, 7, 81101
List the prime factors of 804095062.
2, 8933, 45007
List the prime factors of 117582259.
117582259
List the prime factors of 580511599.
149, 1949, 1999
What are the prime factors of 72176251?
7, 467, 22079
List the prime factors of 16789796.
2, 71, 59119
What are the prime factors of 370222094?
2, 11, 16828277
What are the prime factors of 1618270298?
2, 809135149
What are the prime factors of 255660454?
2, 7, 37, 73, 6761
What are the prime factors of 1370128860?
2, 3, 5, 23, 173, 1913
List the prime factors of 37474213.
7, 19, 281761
List the prime factors of 4886137369.
38449, 127081
List the prime factors of 506183632.
2, 23, 29, 47431
List the prime factors of 135020896.
2, 97, 43499
List the prime factors of 6096592330.
2, 5, 609659233
List the prime factors of 197238183.
3, 19, 3460319
List the prime factors of 2833591150.
2, 5, 13, 883, 4937
List the prime factors of 654511624.
2, 13, 661, 9521
What are the prime factors of 762728642?
2, 13, 29335717
What are the prime factors of 105703867?
105703867
List the prime factors of 2431699342.
2, 1215849671
What are the prime factors of 1138205992?
2, 7, 11, 1847737
List the prime factors of 42716631.
3, 17, 419, 1999
What are the prime factors of 89527739?
7, 12789677
List the prime factors of 25927567.
17, 71, 21481
What are the prime factors of 21253875?
3, 5, 19, 157
List the prime factors of 100867542.
2, 3, 19, 884803
What are the prime factors of 6537408125?
5, 61, 171473
What are the prime factors of 1311097598?
2, 29, 22605131
List the prime factors of 104628201.
3, 29, 53, 22691
What are the prime factors of 112519422?
2, 3, 2083693
What are the prime factors of 211897313?
211897313
List the prime factors of 570518891.
211, 1439, 1879
What are the prime factors of 3125424383?
41, 76229863
What are the prime factors of 10502365?
5, 2100473
What are the prime factors of 1168781973?
3, 389593991
What are the prime factors of 3375071503?
167, 547, 36947
List the prime factors of 693097742.
2, 346548871
List the prime factors of 4669695154.
2, 2334847577
List the prime factors of 1589753366.
2, 13613, 58391
List the prime factors of 281784271.
29, 151, 229, 281
What are the prime factors of 14198904?
2, 3, 197207
List the prime factors of 3474542100.
2, 3, 5, 11581807
What are the prime factors of 2458742845?
5, 13, 1171, 32303
List the prime factors of 1112502367.
1112502367
List the prime factors of 62837431.
1327, 47353
What are the prime factors of 70248327?
3, 23416109
List the prime factors of 32778460.
2, 5, 11, 13, 73, 157
What are the prime factors of 447022359?
3, 7, 271, 26183
List the prime factors of 1364974104.
2, 3, 13, 37, 317, 373
What are the prime factors of 1595675710?
2, 5, 31, 967, 5323
What are the prime factors of 194013382?
2, 97006691
List the prime factors of 124338218.
2, 47, 1322747
List the prime factors of 4387941453.
3, 7, 19, 10997347
List the prime factors of 45729494.
2, 22864747
What are the prime factors of 25168179?
3, 19, 441547
List the prime factors of 181028169.
3, 7, 957821
What are the prime factors of 371405879?
13, 269, 106207
List the prime factors of 237277750.
2, 5, 949111
List the prime factors of 198680071.
17, 11687063
List the prime factors of 435482761.
7, 17, 31, 97, 1217
List the prime factors of 56348750.
2, 5, 61, 739
What are the prime factors of 27583045?
5, 7, 788087
What are the prime factors of 982596271?
23, 5231, 8167
List the prime factors of 10645450.
2, 5, 212909
What are the prime factors of 136267448?
2, 37, 613, 751
What are the prime factors of 73826097?
3, 31, 139, 5711
List the prime factors of 36523950.
2, 3, 5, 59, 4127
What are the prime factors of 53116560?
2, 3, 5, 7, 1171
List the prime factors of 702807758.
2, 19, 31, 596611
What are the prime factors of 2161705413?
3, 7, 14705479
What are the prime factors of 130450580?
2, 5, 13, 19, 26407
List the prime factors of 336315279.
3, 6857, 16349
What are the prime factors of 68813608?
2, 23, 373987
What are the prime factors of 89083932?
2, 3, 7, 19, 55817
List the prime factors of 445023911.
997, 446363
List the prime factors of 336887991.
3, 11, 378101
What are the prime factors of 637027032?
2, 3, 1499, 17707
What are the prime factors of 164411158?
2, 113, 727483
List the prime factors of 325506987.
3, 13, 2782111
What are the prime factors of 2511918687?
3, 59, 14191631
List the prime factors of 55435393.
13, 4264261
What are the prime factors of 27919789?
83, 359, 937
What are the prime factors of 895510552?
2, 47, 2381677
List the prime factors of 4488992835.
3, 5, 2503, 119563
What are the prime factors of 818070100?
2, 5, 8180701
List the prime factors of 1939571698.
2, 19577, 49537
What are the prime factors of 571498007?
67, 8529821
What are the prime factors of 660491349?
3, 7, 31451969
List the prime factors of 410837843.
13, 3613, 8747
List the prime factors of 352772168.
2, 7, 17, 52937
List the prime factors of 873932548.
2, 41, 5328857
What are the prime factors of 145884230?
2, 5, 14588423
What are the prime factors of 551923098?
2, 3, 337, 272959
What are the prime factors of 2126242814?
2, 37, 79, 149, 2441
List the prime factors of 1371203.
17, 79, 1021
What are the prime factors of 44161959?
3, 14720653
What are the prime factors of 2833788084?
2, 3, 127, 1859441
List the prime factors of 62554985.
5, 17, 89, 8269
List the prime factors of 475118132.
2, 3257, 36469
List the prime factors of 3822223659.
3, 1274074553
What are the prime factors of 142129880?
2, 5, 19, 23, 47, 173
What are the prime factors of 300382349?
300382349
What are the prime factors of 828159658?
2, 17, 24357637
List the prime factors of 90272809.
11, 8206619
List the prime factors of 54506765.
5, 139, 78427
List the prime factors of 67395200.
2, 5, 21061
What are the prime factors of 18457114?
2, 13, 131, 5419
What are the prime factors of 1476033654?
2, 3, 83, 2963923
List the prime factors of 95035946.
2, 47517973
List the prime factors of 43496274.
2, 3, 7249379
What are the prime factors of 1818582840?
2, 3, 5, 223, 839
What are the prime factors of 81139482?
2, 3, 500861
List the prime factors of 2059785346.
2, 1029892673
What are the prime factors of 941022898?
2, 41, 389, 29501
What are the prime factors of 1407733575?
3, 5, 233, 80557
What are the prime factors of 1661356094?
2, 47, 421, 41981
What are the prime factors of 112056090?
2, 3, 5, 131, 28513
What are the prime factors of 1153909288?
2, 7, 359, 57397
List the prime factors of 6482168618.
2, 10513, 308293
List the prime factors of 128778287.
11, 53, 220889
What are the prime factors of 4482630868?
2, 617, 1816301
List the prime factors of 1237125535.
5, 247425107
What are the prime factors of 53324059?
349, 152791
What are the prime factors of 132436826?
2, 66218413
List the prime factors of 1218501286.
2, 359, 1697077
List the prime factors of 640706406.
2, 3, 106784401
What are the prime factors of 123198743?
31, 443, 8971
List the prime factors of 175340168.
2, 21917521
List the prime factors of 267284074.
2, 107, 1248991
List the prime factors of 367371030.
2, 3, 5, 13, 163, 5779
List the prime factors of 112673769.
3, 13, 37, 113, 691
List the prime factors of 2855907385.
5, 19, 29, 53, 19559
What are the prime factors of 1851665915?
5, 11, 89, 378277
What are the prime factors of 1135219140?
2, 3, 5, 11, 573343
What are the prime factors of 93531100?
2, 5, 13, 71947
What are the prime factors of 1287188479?
31, 41522209
List the prime factors of 1973332863.
3, 23, 79, 120671
What are the prime factors of 2742498812?
2, 11903, 57601
List the prime f